4*g - 9*g + 45. What is the remainder when l is divided by g?
2
Let z = 4 + 2. Suppose -3*f + 4*t = -13, -5*f - 3*t = -20 - 21. Suppose -12*h + f*h = -110. Calculate the remainder when h is divided by z.
4
Suppose r + 36 = 7*r. What is the remainder when 28 is divided by r?
4
Let s(z) = 22*z**2 + 2*z + 2. Suppose -5*w + 6 = 11. What is the remainder when s(w) is divided by 6?
4
Let g = 14 - 13. Let j = 8 + g. Let q(c) = c**2 - c - 1. What is the remainder when j is divided by q(3)?
4
Let l be 6/((-4)/(200/(-3))). Let p = -4 + 9. Suppose l = p*m - 130. Calculate the remainder when m is divided by 16.
14
Let x be -6*-3*(-3)/18. Calculate the remainder when 4 is divided by 10/15 - 4/x.
0
Calculate the remainder when 44 is divided by 462/30 - 4/10.
14
Suppose 0*q - 14 = -2*q. Calculate the remainder when 19 is divided by q.
5
Let f be 48/(-1 + 2) - 3. Let q = f + -17. What is the remainder when q is divided by 10?
8
Suppose 4*b - 47 = -7. Suppose -d + 5*n + 29 = 10, 0 = -2*d + n + 74. Calculate the remainder when d is divided by b.
9
Suppose s - 3*m - 25 = 0, -s + m + 7 = -24. Suppose g - 36 = -3*f, -2*g + 36 = 3*f + 3*g. Calculate the remainder when s is divided by f.
10
Let h = 1 + 2. Suppose -q = 4*v + v - 71, 2*v + 230 = h*q. Let z = q - 33. Calculate the remainder when z is divided by 22.
21
Suppose 0 = -10*x + 4*x + 126. Calculate the remainder when 62 is divided by x.
20
Let l(w) be the second derivative of w**5/40 - w**3/2 + 2*w. Let t(c) be the second derivative of l(c). Calculate the remainder when t(1) is divided by 2.
1
Suppose -2 = -2*y, 2*y = 4*f + 4*y - 10. What is the remainder when 4 is divided by f?
0
Let m = 2 + -2. Let p = 3 - m. Calculate the remainder when 4 is divided by p.
1
Suppose u + 8 = 5*u. Suppose 7 = u*k + 3. Suppose -3*s + 15 = 0, -k = -q + 2*s + 4. Calculate the remainder when q is divided by 9.
7
Let c be (-2)/(3 + 267/(-87)). Suppose -3*b + c = r - 6, -5*b - 4*r + 70 = 0. What is the remainder when 38 is divided by b?
8
Let j be (-2)/(-8) - (-90)/24. Let c = -9 + j. Let i(r) = r**3 + 8*r**2 + 4*r - 6. Calculate the remainder when i(c) is divided by 17.
15
Let h = 10 + -4. Let n(s) = s**2 - 14*s + 17. What is the remainder when h is divided by n(13)?
2
Let o(w) = w**3 - 3*w**2 - 3*w + 4. Let d(q) = 6*q - 1. What is the remainder when d(4) is divided by o(4)?
7
Suppose -108 = 4*l - 32. Let c = 37 + l. Calculate the remainder when c is divided by 7.
4
Let f(t) = -t**2 + 23*t - 31. What is the remainder when 31 is divided by f(21)?
9
Let i = 200 + -124. What is the remainder when i is divided by 26?
24
Suppose 0 = 2*d + 6 + 18. Suppose 3*x = -2*y - 3*y - 25, -4*y - 5*x - 7 = 0. Let g = y - d. Calculate the remainder when 5 is divided by g.
1
Let j = -19 - -17. Calculate the remainder when 51/j*(-3 - -1) is divided by 13.
12
Suppose 54*y - 55*y + 83 = 0. Calculate the remainder when y is divided by 17.
15
Let s(i) = 24*i**2 - 2*i + 1. Calculate the remainder when s(1) is divided by 8.
7
Suppose f + 3 = -2*c + 5, 2*c - 10 = f. Calculate the remainder when 8 is divided by c.
2
Let c = -58 + 98. Calculate the remainder when (-3)/24 - (-125)/c is divided by 3.
0
Let k(s) = -s**2 + 1. Let v(m) = 1 + m + 1 + 0*m. Calculate the remainder when v(-1) is divided by k(0).
0
Let f = -136 - -191. Let m(n) = 3*n - 33. Let a(o) = -2*o + 16. Let s(c) = -5*a(c) - 3*m(c). What is the remainder when f is divided by s(0)?
17
Suppose -64 = -34*z + 30*z. Let n(l) = l + 63. What is the remainder when n(0) is divided by z?
15
Let l = -186 - -199. What is the remainder when 101 is divided by l?
10
Let s(u) = -11*u - 6. Let n = -13 + 10. What is the remainder when s(n) is divided by 15?
12
Let d be -7 - -3 - (1 + 0). Let l = d + 7. Let y = -4 - -6. Calculate the remainder when l is divided by y.
0
Let r = -13 + 12. Calculate the remainder when 2 + 1 + r + 52 is divided by 28.
26
Suppose -4*b + 6 + 126 = 0. Let u = b + -10. Calculate the remainder when u is divided by 12.
11
Suppose -3*c = -c + 12. Let p(m) = -2*m + 4. Let d(q) = -q - 1. Let u(x) = 4*d(x) - p(x). Calculate the remainder when 14 is divided by u(c).
2
What is the remainder when 26 is divided by (-1 - -6)*(0 - 16/(-10))?
2
Let o(z) = z**3 - 8*z**2 + 8*z - 4. Let a be o(7). Suppose -2*i + a = -5. What is the remainder when i is divided by 3?
1
Let p be (-3)/9 - (-2)/6. Suppose 0 = -p*n - 2*n + 54. Calculate the remainder when n is divided by 14.
13
Calculate the remainder when (2/6)/(1/183) is divided by 32.
29
Let h(p) = -9*p**3 - p**2 + 9*p + 15. Calculate the remainder when 126 is divided by h(-2).
61
Suppose 5*u - 2 - 28 = -5*d, 3*d + 5*u - 8 = 0. What is the remainder when 54 is divided by d?
10
Suppose -24 = -0*a - 4*a. Suppose -a = k - 3. Let s(r) = r**3 + 4*r**2 + 2*r + 3. What is the remainder when 16 is divided by s(k)?
4
Let r = -23 - -53. What is the remainder when 59 is divided by r?
29
Let l(o) = -o**2 + 2*o - 3 + 6 - o - o**3 - 2*o. What is the remainder when 15 is divided by l(-2)?
6
Suppose -2*c + 648 = 7*c. What is the remainder when c is divided by 25?
22
Let z be (-1)/(-3) - 870/(-9). Suppose -a + 2*t = -18, -5*a = t - 4*t - z. Let b = -26 + 64. Calculate the remainder when b is divided by a.
18
Let h be 31/(-2)*(0 + -2). Suppose -h = -3*q - 7. What is the remainder when 29 is divided by q?
5
Let s(k) be the second derivative of 0 - 1/3*k**3 + 1/12*k**4 - k - 2*k**2. What is the remainder when s(7) is divided by 16?
15
What is the remainder when 11 is divided by (-1 - 2/(-5))/(8/(-40))?
2
Let h be 6*4 + (-1 - -4). Let w = h - 16. Calculate the remainder when 30 is divided by w.
8
Suppose 3*b + 3*j = 39, -4*b - 2*j + 72 = -3*j. Let f be ((-2)/3 - 1)*18. What is the remainder when (-1*4)/(-2) - f is divided by b?
15
Suppose r + 2*p = 7*p + 11, 4*r - 44 = -p. Let w = -30 - -71. Calculate the remainder when w is divided by r.
8
Let u(g) = g**3 - 3*g**2 - 4*g + 2. Let k be u(4). Calculate the remainder when 23 is divided by k - (-9)/(36/40).
11
Let b be 1/(3*(-1)/(-18)). Let o = 38 - b. Let f(r) = -2*r + 3. Calculate the remainder when o is divided by f(-4).
10
Let f = 112 + -80. Suppose -4*w = -2*w - 4, 4*b - 2*w = f. Suppose -12 = -3*a + 39. What is the remainder when a is divided by b?
8
Calculate the remainder when 45 is divided by 30/(-165) - 224/(-22).
5
Let y(h) = -10*h + 6. Suppose -10 = 2*q, 2*t - 9 = -0*t - 5*q. Calculate the remainder when y(-6) is divided by t.
15
Let o = -7 - -11. Suppose 0 = 4*m + 4*f - 192, -5*m - 3*f - 208 = -10*m. Calculate the remainder when (m/6)/(6/9) is divided by o.
3
What is the remainder when 40 is divided by ((-12)/(-10))/(20/250)?
10
Let t = 47 - 37. Calculate the remainder when 27 is divided by t.
7
Let w(u) = -u**2 + 10*u + 3. Let g be w(10). Suppose g*r - 64 = -r. Suppose 3*a - 96 = -3*s, 5*s - 2*a - 6 = 140. What is the remainder when s is divided by r?
14
Let l = 7 - -4. Suppose 3*s = 52 + 5. Calculate the remainder when s is divided by l.
8
Suppose 56*l - 168 = 53*l. What is the remainder when l is divided by 15?
11
Let f = 27 + -14. Suppose -4 + 0 = -y, 100 = 4*b + 2*y. What is the remainder when b is divided by f?
10
Let z(h) = -h - 5. Let q be z(-8). Suppose 0 = -4*j + 8, 0*t - q*t + 4*j = -49. Suppose 3*k - t = 2*k. What is the remainder when k is divided by 5?
4
Suppose 0 = 3*k - 5*q + 5, -5*k - 3*q = -0*q - 37. Suppose 0*b = -k*b. Calculate the remainder when (-3 + b)/((-3)/26) is divided by 9.
8
What is the remainder when 98 is divided by ((-7)/((-56)/(-50)))/((-1)/4)?
23
Let s = 2 + -3. Let a be ((-30)/4)/(s/(-2)). What is the remainder when 22 is divided by (-20)/a*(6 - 0)?
6
Let p = -14 - -2. What is the remainder when 236/12 - (-8)/p is divided by 7?
5
Let f be 1/(-2) - 14/(-4). Let a(c) = c**3 - 2*c**2 - c - 2. Let y = -13 + 24. Calculate the remainder when y is divided by a(f).
3
Let p(j) = -4*j**3 - 4*j**2 - 3*j. Let l be (3/(-5))/((-3)/15). Let o = 1 - l. What is the remainder when p(o) is divided by 6?
4
Let x = -37 - -62. What is the remainder when 33 is divided by x?
8
Let c be 21/6 - 1/2. Suppose c*s = 6 + 3. Calculate the remainder when 7 is divided by s.
1
Let h = 12 + -4. Let q be 2/h + 179/4. Suppose k + n + 5 = q, 5*k - 212 = -2*n. What is the remainder when k is divided by 15?
14
Let o(a) 